{"id":5696,"date":"2023-11-26T14:36:23","date_gmt":"2023-11-26T14:36:23","guid":{"rendered":"https:\/\/fizzrewards.com\/hr4uk\/product\/oneills\/"},"modified":"2023-11-26T14:36:27","modified_gmt":"2023-11-26T14:36:27","slug":"oneills","status":"publish","type":"product","link":"https:\/\/fizzrewards.com\/hr4uk\/product\/oneills\/","title":{"rendered":"O&#8217;Neill&#8217;s"},"content":{"rendered":"<div class=\"TextBlockView block block4044 first heading_top center_bottom no_images\" data-cocktail-params=\"{&quot;blockId&quot;: 4044}\">\n<div class=\"text_container\">\n<p class=\"introText\" style=\"text-align: left\">One of the many restaurants where you can choose to spend your Dining Out Card Gift Card.<br \/>\nC\u00e9ad m\u00edle f\u00e1ilte You\u2019ll always find a warm welcome at each one of our O\u2019Neill\u2019s bars. A place where you feel right at home. O\u2019Neill\u2019s bar hosts a variety of live music, and sporting events. Creating moments that\u2019ll lift your spirits, and where the good times flow as freely as the drinks.<\/p>\n<div class=\"row\">\n<div class=\"slot hs8\" style=\"text-align: center\"><\/div>\n<\/div>\n<\/div>\n<\/div>\n","protected":false},"excerpt":{"rendered":"<p>One of the many restaurants where you can choose to spend your Dining Out Card Gift Card. C\u00e9ad m\u00edle f\u00e1ilte You\u2019ll always find a warm welcome at each one of our O\u2019Neill\u2019s bars. A place where you feel right at home. O\u2019Neill\u2019s bar hosts a variety of live music, and sporting events. Creating moments that\u2019ll [&hellip;]<\/p>\n","protected":false},"featured_media":5695,"comment_status":"open","ping_status":"closed","template":"","meta":[],"product_brand":[],"product_cat":[28],"product_tag":[],"class_list":{"0":"post-5696","1":"product","2":"type-product","3":"status-publish","4":"has-post-thumbnail","6":"product_cat-digital-gift-cards","8":"first","9":"instock","10":"shipping-taxable","11":"purchasable","12":"product-type-variable"},"_links":{"self":[{"href":"https:\/\/fizzrewards.com\/hr4uk\/wp-json\/wp\/v2\/product\/5696","targetHints":{"allow":["GET"]}}],"collection":[{"href":"https:\/\/fizzrewards.com\/hr4uk\/wp-json\/wp\/v2\/product"}],"about":[{"href":"https:\/\/fizzrewards.com\/hr4uk\/wp-json\/wp\/v2\/types\/product"}],"replies":[{"embeddable":true,"href":"https:\/\/fizzrewards.com\/hr4uk\/wp-json\/wp\/v2\/comments?post=5696"}],"wp:featuredmedia":[{"embeddable":true,"href":"https:\/\/fizzrewards.com\/hr4uk\/wp-json\/wp\/v2\/media\/5695"}],"wp:attachment":[{"href":"https:\/\/fizzrewards.com\/hr4uk\/wp-json\/wp\/v2\/media?parent=5696"}],"wp:term":[{"taxonomy":"product_brand","embeddable":true,"href":"https:\/\/fizzrewards.com\/hr4uk\/wp-json\/wp\/v2\/product_brand?post=5696"},{"taxonomy":"product_cat","embeddable":true,"href":"https:\/\/fizzrewards.com\/hr4uk\/wp-json\/wp\/v2\/product_cat?post=5696"},{"taxonomy":"product_tag","embeddable":true,"href":"https:\/\/fizzrewards.com\/hr4uk\/wp-json\/wp\/v2\/product_tag?post=5696"}],"curies":[{"name":"wp","href":"https:\/\/api.w.org\/{rel}","templated":true}]}}